{"id":52,"date":"2020-04-22T14:55:52","date_gmt":"2020-04-22T12:55:52","guid":{"rendered":"http:\/\/chrysalude.fr\/?page_id=52"},"modified":"2025-02-04T10:23:17","modified_gmt":"2025-02-04T09:23:17","slug":"defi-nuts","status":"publish","type":"page","link":"https:\/\/chrysalude.fr\/index.php\/defi-nuts\/","title":{"rendered":"D\u00e9fi Nuts"},"content":{"rendered":"\t\t<div data-elementor-type=\"wp-page\" data-elementor-id=\"52\" class=\"elementor elementor-52\">\n\t\t\t\t\t\t<section class=\"elementor-section elementor-top-section elementor-element elementor-element-83c0f7e elementor-section-boxed elementor-section-height-default elementor-section-height-default\" data-id=\"83c0f7e\" data-element_type=\"section\">\n\t\t\t\t\t\t<div class=\"elementor-container elementor-column-gap-default\">\n\t\t\t\t\t<div class=\"elementor-column elementor-col-100 elementor-top-column elementor-element elementor-element-f00424c\" data-id=\"f00424c\" data-element_type=\"column\">\n\t\t\t<div class=\"elementor-widget-wrap elementor-element-populated\">\n\t\t\t\t\t\t<div class=\"elementor-element elementor-element-95ab421 elementor-widget elementor-widget-heading\" data-id=\"95ab421\" data-element_type=\"widget\" data-widget_type=\"heading.default\">\n\t\t\t\t<div class=\"elementor-widget-container\">\n\t\t\t<h2 class=\"elementor-heading-title elementor-size-default\">D\u00e9fi Nuts<\/h2>\t\t<\/div>\n\t\t\t\t<\/div>\n\t\t\t\t\t<\/div>\n\t\t<\/div>\n\t\t\t\t\t<\/div>\n\t\t<\/section>\n\t\t\t\t<section class=\"elementor-section elementor-top-section elementor-element elementor-element-07b6ea8 elementor-section-boxed elementor-section-height-default elementor-section-height-default\" data-id=\"07b6ea8\" data-element_type=\"section\">\n\t\t\t\t\t\t<div class=\"elementor-container elementor-column-gap-default\">\n\t\t\t\t\t<div class=\"elementor-column elementor-col-100 elementor-top-column elementor-element elementor-element-2ee0cb1\" data-id=\"2ee0cb1\" data-element_type=\"column\">\n\t\t\t<div class=\"elementor-widget-wrap elementor-element-populated\">\n\t\t\t\t\t\t<section class=\"elementor-section elementor-inner-section elementor-element elementor-element-646cc53 elementor-section-boxed elementor-section-height-default elementor-section-height-default\" data-id=\"646cc53\" data-element_type=\"section\">\n\t\t\t\t\t\t<div class=\"elementor-container elementor-column-gap-default\">\n\t\t\t\t\t<div class=\"elementor-column elementor-col-50 elementor-inner-column elementor-element elementor-element-bf6947e\" data-id=\"bf6947e\" data-element_type=\"column\">\n\t\t\t<div class=\"elementor-widget-wrap elementor-element-populated\">\n\t\t\t\t\t\t<div class=\"elementor-element elementor-element-be36e29 elementor-widget elementor-widget-text-editor\" data-id=\"be36e29\" data-element_type=\"widget\" data-widget_type=\"text-editor.default\">\n\t\t\t\t<div class=\"elementor-widget-container\">\n\t\t\t\t\t\t\t<p>Une noix, des \u0153uvres d\u2019art, un coffre \u00e0 ouvrir\u2026 un challenge \u00e0 relever en \u00e9quipe.\u00a0Un d\u00e9fi collaboratif pour explorer les talents cach\u00e9s de chacun\u00b7e.<\/p><p><strong>Escape game<\/strong> ultra-compact permettant de faire jouer plusieurs \u00e9quipes en parall\u00e8le pendant environ une heure.<\/p><p>Il a initialement \u00e9t\u00e9 con\u00e7u pour mettre en avant les forces d&rsquo;une <strong>\u00e9quipe pluridisciplinaire<\/strong>. En effet, sa r\u00e9solution n\u00e9cessite d&rsquo;avoir diff\u00e9rentes <strong>comp\u00e9tences<\/strong> (observation, d\u00e9duction, communication, etc.) et diff\u00e9rentes <strong>approches<\/strong> (analytique, graphique, syst\u00e9mique, empirique, etc.)<\/p><p>En tant que r\u00e9v\u00e9lateur de comp\u00e9tences, il peut \u00eatre utilis\u00e9 lors de phases de recrutement, interne ou externe.<\/p><p>En tant que d\u00e9fi collectif, il peut permettre de d\u00e9tecter une organisation suboptimale d&rsquo;une \u00e9quipe.<\/p><p>Sa nature ludique le rend naturellement tout indiqu\u00e9 pour cr\u00e9er du lien lors de s\u00e9minaires ou sessions de <strong>teambuilding<\/strong>.<\/p>\t\t\t\t\t\t<\/div>\n\t\t\t\t<\/div>\n\t\t\t\t\t<\/div>\n\t\t<\/div>\n\t\t\t\t<div class=\"elementor-column elementor-col-50 elementor-inner-column elementor-element elementor-element-8df7520\" data-id=\"8df7520\" data-element_type=\"column\">\n\t\t\t<div class=\"elementor-widget-wrap elementor-element-populated\">\n\t\t\t\t\t\t<div class=\"elementor-element elementor-element-2026351 elementor-widget elementor-widget-text-editor\" data-id=\"2026351\" data-element_type=\"widget\" data-widget_type=\"text-editor.default\">\n\t\t\t\t<div class=\"elementor-widget-container\">\n\t\t\t\t\t\t\t<h2>En bref<\/h2>\n<p><strong>Nombre de participant\u00b7spar \u00e9quipe<\/strong> : 2 \u00e0 6<br><strong>Nombre d&rsquo;\u00e9quipes en parall\u00e8le<\/strong> : jusqu&rsquo;\u00e0 10 (plus sur demande)<br><strong>Emplacement n\u00e9cessaire<\/strong> : 1 table par \u00e9quipe.<br><strong>Dur\u00e9e<\/strong> : 60 \u00e0 75 minutes<\/p>\n<p><strong>Objectifs<\/strong> :<br>\u2013 D\u00e9tection de comp\u00e9tences pour recrutement ou mobilit\u00e9 interne<br>\u2013 D\u00e9tection de probl\u00e9matiques au sein d\u2019une \u00e9quipe \/ Management<br>\u2013 Team building<br>\u2013 Divertissement<\/p>\t\t\t\t\t\t<\/div>\n\t\t\t\t<\/div>\n\t\t\t\t\t<\/div>\n\t\t<\/div>\n\t\t\t\t\t<\/div>\n\t\t<\/section>\n\t\t\t\t\t<\/div>\n\t\t<\/div>\n\t\t\t\t\t<\/div>\n\t\t<\/section>\n\t\t\t\t<section class=\"elementor-section elementor-top-section elementor-element elementor-element-72ced85 elementor-section-boxed elementor-section-height-default elementor-section-height-default\" data-id=\"72ced85\" data-element_type=\"section\">\n\t\t\t\t\t\t<div class=\"elementor-container elementor-column-gap-default\">\n\t\t\t\t\t<div class=\"elementor-column elementor-col-100 elementor-top-column elementor-element elementor-element-5f67137\" data-id=\"5f67137\" data-element_type=\"column\">\n\t\t\t<div class=\"elementor-widget-wrap elementor-element-populated\">\n\t\t\t\t\t\t<div class=\"elementor-element elementor-element-04fc3dd elementor-widget elementor-widget-image\" data-id=\"04fc3dd\" data-element_type=\"widget\" data-widget_type=\"image.default\">\n\t\t\t\t<div class=\"elementor-widget-container\">\n\t\t\t\t\t\t\t\t\t\t\t\t\t<img fetchpriority=\"high\" width=\"1024\" height=\"576\" src=\"https:\/\/chrysalude.fr\/wp-content\/uploads\/2020\/03\/20181028_165348-1024x576.jpg\" class=\"attachment-large size-large wp-image-387\" alt=\"\" srcset=\"https:\/\/chrysalude.fr\/wp-content\/uploads\/2020\/03\/20181028_165348-1024x576.jpg 1024w, https:\/\/chrysalude.fr\/wp-content\/uploads\/2020\/03\/20181028_165348-300x169.jpg 300w, https:\/\/chrysalude.fr\/wp-content\/uploads\/2020\/03\/20181028_165348-768x432.jpg 768w\" sizes=\"(max-width: 1024px) 100vw, 1024px\" \/>\t\t\t\t\t\t\t\t\t\t\t\t\t<\/div>\n\t\t\t\t<\/div>\n\t\t\t\t\t<\/div>\n\t\t<\/div>\n\t\t\t\t\t<\/div>\n\t\t<\/section>\n\t\t\t\t<section class=\"elementor-section elementor-top-section elementor-element elementor-element-ebe5b4f elementor-section-boxed elementor-section-height-default elementor-section-height-default\" data-id=\"ebe5b4f\" data-element_type=\"section\">\n\t\t\t\t\t\t<div class=\"elementor-container elementor-column-gap-default\">\n\t\t\t\t\t<div class=\"elementor-column elementor-col-100 elementor-top-column elementor-element elementor-element-9b92bfd\" data-id=\"9b92bfd\" data-element_type=\"column\">\n\t\t\t<div class=\"elementor-widget-wrap elementor-element-populated\">\n\t\t\t\t\t\t<div class=\"elementor-element elementor-element-3d5252b elementor-widget elementor-widget-image\" data-id=\"3d5252b\" data-element_type=\"widget\" data-widget_type=\"image.default\">\n\t\t\t\t<div class=\"elementor-widget-container\">\n\t\t\t\t\t\t\t\t\t\t\t\t\t<img width=\"576\" height=\"1024\" src=\"https:\/\/chrysalude.fr\/wp-content\/uploads\/2020\/03\/20181028_165535-e1584380600780-576x1024.jpg\" class=\"attachment-large size-large wp-image-388\" alt=\"\" srcset=\"https:\/\/chrysalude.fr\/wp-content\/uploads\/2020\/03\/20181028_165535-e1584380600780-576x1024.jpg 576w, https:\/\/chrysalude.fr\/wp-content\/uploads\/2020\/03\/20181028_165535-e1584380600780-169x300.jpg 169w, https:\/\/chrysalude.fr\/wp-content\/uploads\/2020\/03\/20181028_165535-e1584380600780-768x1365.jpg 768w, https:\/\/chrysalude.fr\/wp-content\/uploads\/2020\/03\/20181028_165535-e1584380600780.jpg 1836w\" sizes=\"(max-width: 576px) 100vw, 576px\" \/>\t\t\t\t\t\t\t\t\t\t\t\t\t<\/div>\n\t\t\t\t<\/div>\n\t\t\t\t\t<\/div>\n\t\t<\/div>\n\t\t\t\t\t<\/div>\n\t\t<\/section>\n\t\t\t\t<\/div>\n\t\t","protected":false},"excerpt":{"rendered":"<p>D\u00e9fi Nuts Une noix, des \u0153uvres d\u2019art, un coffre \u00e0 ouvrir\u2026 un challenge \u00e0 relever en \u00e9quipe.\u00a0Un d\u00e9fi collaboratif pour explorer les talents cach\u00e9s de chacun\u00b7e. Escape game ultra-compact permettant de faire jouer plusieurs \u00e9quipes en parall\u00e8le pendant environ une heure. Il a initialement \u00e9t\u00e9 con\u00e7u pour mettre en avant les forces d&rsquo;une \u00e9quipe pluridisciplinaire.<\/p>\n<p class=\"margin-top-10\"><a class=\"moretag text-medium\" href=\"https:\/\/chrysalude.fr\/index.php\/defi-nuts\/\">Lire<\/a><\/p>\n","protected":false},"author":1,"featured_media":0,"parent":0,"menu_order":0,"comment_status":"closed","ping_status":"closed","template":"","meta":[],"yoast_head":"<!-- This site is optimized with the Yoast SEO plugin v19.8 - https:\/\/yoast.com\/wordpress\/plugins\/seo\/ -->\n<title>D\u00e9fi Nuts - Chrysalude<\/title>\n<meta name=\"robots\" content=\"index, follow, max-snippet:-1, max-image-preview:large, max-video-preview:-1\" \/>\n<link rel=\"canonical\" href=\"http:\/\/chrysalude.fr\/index.php\/defi-nuts\/\" \/>\n<meta property=\"og:locale\" content=\"fr_FR\" \/>\n<meta property=\"og:type\" content=\"article\" \/>\n<meta property=\"og:title\" content=\"D\u00e9fi Nuts - Chrysalude\" \/>\n<meta property=\"og:description\" content=\"D\u00e9fi Nuts Une noix, des \u0153uvres d\u2019art, un coffre \u00e0 ouvrir\u2026 un challenge \u00e0 relever en \u00e9quipe.\u00a0Un d\u00e9fi collaboratif pour explorer les talents cach\u00e9s de chacun\u00b7e. Escape game ultra-compact permettant de faire jouer plusieurs \u00e9quipes en parall\u00e8le pendant environ une heure. Il a initialement \u00e9t\u00e9 con\u00e7u pour mettre en avant les forces d&rsquo;une \u00e9quipe pluridisciplinaire.Lire\" \/>\n<meta property=\"og:url\" content=\"http:\/\/chrysalude.fr\/index.php\/defi-nuts\/\" \/>\n<meta property=\"og:site_name\" content=\"Chrysalude\" \/>\n<meta property=\"article:modified_time\" content=\"2025-02-04T09:23:17+00:00\" \/>\n<meta property=\"og:image\" content=\"http:\/\/chrysalude.fr\/wp-content\/uploads\/2020\/03\/20181028_165348-1024x576.jpg\" \/>\n<meta name=\"twitter:card\" content=\"summary_large_image\" \/>\n<meta name=\"twitter:label1\" content=\"Dur\u00e9e de lecture estim\u00e9e\" \/>\n\t<meta name=\"twitter:data1\" content=\"2 minutes\" \/>\n<script type=\"application\/ld+json\" class=\"yoast-schema-graph\">{\"@context\":\"https:\/\/schema.org\",\"@graph\":[{\"@type\":\"WebPage\",\"@id\":\"http:\/\/chrysalude.fr\/index.php\/defi-nuts\/\",\"url\":\"http:\/\/chrysalude.fr\/index.php\/defi-nuts\/\",\"name\":\"D\u00e9fi Nuts - Chrysalude\",\"isPartOf\":{\"@id\":\"https:\/\/chrysalude.fr\/#website\"},\"datePublished\":\"2020-04-22T12:55:52+00:00\",\"dateModified\":\"2025-02-04T09:23:17+00:00\",\"breadcrumb\":{\"@id\":\"http:\/\/chrysalude.fr\/index.php\/defi-nuts\/#breadcrumb\"},\"inLanguage\":\"fr-FR\",\"potentialAction\":[{\"@type\":\"ReadAction\",\"target\":[\"http:\/\/chrysalude.fr\/index.php\/defi-nuts\/\"]}]},{\"@type\":\"BreadcrumbList\",\"@id\":\"http:\/\/chrysalude.fr\/index.php\/defi-nuts\/#breadcrumb\",\"itemListElement\":[{\"@type\":\"ListItem\",\"position\":1,\"name\":\"Accueil\",\"item\":\"https:\/\/chrysalude.fr\/\"},{\"@type\":\"ListItem\",\"position\":2,\"name\":\"D\u00e9fi Nuts\"}]},{\"@type\":\"WebSite\",\"@id\":\"https:\/\/chrysalude.fr\/#website\",\"url\":\"https:\/\/chrysalude.fr\/\",\"name\":\"Chrysalude\",\"description\":\"La m\u00e9tamorphose par le jeu\",\"publisher\":{\"@id\":\"https:\/\/chrysalude.fr\/#organization\"},\"potentialAction\":[{\"@type\":\"SearchAction\",\"target\":{\"@type\":\"EntryPoint\",\"urlTemplate\":\"https:\/\/chrysalude.fr\/?s={search_term_string}\"},\"query-input\":\"required name=search_term_string\"}],\"inLanguage\":\"fr-FR\"},{\"@type\":\"Organization\",\"@id\":\"https:\/\/chrysalude.fr\/#organization\",\"name\":\"Chrysalude\",\"url\":\"https:\/\/chrysalude.fr\/\",\"sameAs\":[\"https:\/\/www.linkedin.com\/company\/19256934\"],\"logo\":{\"@type\":\"ImageObject\",\"inLanguage\":\"fr-FR\",\"@id\":\"https:\/\/chrysalude.fr\/#\/schema\/logo\/image\/\",\"url\":\"https:\/\/chrysalude.fr\/wp-content\/uploads\/2020\/03\/cropped-logo-chrysalude-OK72.png\",\"contentUrl\":\"https:\/\/chrysalude.fr\/wp-content\/uploads\/2020\/03\/cropped-logo-chrysalude-OK72.png\",\"width\":522,\"height\":264,\"caption\":\"Chrysalude\"},\"image\":{\"@id\":\"https:\/\/chrysalude.fr\/#\/schema\/logo\/image\/\"}}]}<\/script>\n<!-- \/ Yoast SEO plugin. -->","yoast_head_json":{"title":"D\u00e9fi Nuts - Chrysalude","robots":{"index":"index","follow":"follow","max-snippet":"max-snippet:-1","max-image-preview":"max-image-preview:large","max-video-preview":"max-video-preview:-1"},"canonical":"http:\/\/chrysalude.fr\/index.php\/defi-nuts\/","og_locale":"fr_FR","og_type":"article","og_title":"D\u00e9fi Nuts - Chrysalude","og_description":"D\u00e9fi Nuts Une noix, des \u0153uvres d\u2019art, un coffre \u00e0 ouvrir\u2026 un challenge \u00e0 relever en \u00e9quipe.\u00a0Un d\u00e9fi collaboratif pour explorer les talents cach\u00e9s de chacun\u00b7e. Escape game ultra-compact permettant de faire jouer plusieurs \u00e9quipes en parall\u00e8le pendant environ une heure. Il a initialement \u00e9t\u00e9 con\u00e7u pour mettre en avant les forces d&rsquo;une \u00e9quipe pluridisciplinaire.Lire","og_url":"http:\/\/chrysalude.fr\/index.php\/defi-nuts\/","og_site_name":"Chrysalude","article_modified_time":"2025-02-04T09:23:17+00:00","og_image":[{"url":"http:\/\/chrysalude.fr\/wp-content\/uploads\/2020\/03\/20181028_165348-1024x576.jpg"}],"twitter_card":"summary_large_image","twitter_misc":{"Dur\u00e9e de lecture estim\u00e9e":"2 minutes"},"schema":{"@context":"https:\/\/schema.org","@graph":[{"@type":"WebPage","@id":"http:\/\/chrysalude.fr\/index.php\/defi-nuts\/","url":"http:\/\/chrysalude.fr\/index.php\/defi-nuts\/","name":"D\u00e9fi Nuts - Chrysalude","isPartOf":{"@id":"https:\/\/chrysalude.fr\/#website"},"datePublished":"2020-04-22T12:55:52+00:00","dateModified":"2025-02-04T09:23:17+00:00","breadcrumb":{"@id":"http:\/\/chrysalude.fr\/index.php\/defi-nuts\/#breadcrumb"},"inLanguage":"fr-FR","potentialAction":[{"@type":"ReadAction","target":["http:\/\/chrysalude.fr\/index.php\/defi-nuts\/"]}]},{"@type":"BreadcrumbList","@id":"http:\/\/chrysalude.fr\/index.php\/defi-nuts\/#breadcrumb","itemListElement":[{"@type":"ListItem","position":1,"name":"Accueil","item":"https:\/\/chrysalude.fr\/"},{"@type":"ListItem","position":2,"name":"D\u00e9fi Nuts"}]},{"@type":"WebSite","@id":"https:\/\/chrysalude.fr\/#website","url":"https:\/\/chrysalude.fr\/","name":"Chrysalude","description":"La m\u00e9tamorphose par le jeu","publisher":{"@id":"https:\/\/chrysalude.fr\/#organization"},"potentialAction":[{"@type":"SearchAction","target":{"@type":"EntryPoint","urlTemplate":"https:\/\/chrysalude.fr\/?s={search_term_string}"},"query-input":"required name=search_term_string"}],"inLanguage":"fr-FR"},{"@type":"Organization","@id":"https:\/\/chrysalude.fr\/#organization","name":"Chrysalude","url":"https:\/\/chrysalude.fr\/","sameAs":["https:\/\/www.linkedin.com\/company\/19256934"],"logo":{"@type":"ImageObject","inLanguage":"fr-FR","@id":"https:\/\/chrysalude.fr\/#\/schema\/logo\/image\/","url":"https:\/\/chrysalude.fr\/wp-content\/uploads\/2020\/03\/cropped-logo-chrysalude-OK72.png","contentUrl":"https:\/\/chrysalude.fr\/wp-content\/uploads\/2020\/03\/cropped-logo-chrysalude-OK72.png","width":522,"height":264,"caption":"Chrysalude"},"image":{"@id":"https:\/\/chrysalude.fr\/#\/schema\/logo\/image\/"}}]}},"_links":{"self":[{"href":"https:\/\/chrysalude.fr\/index.php\/wp-json\/wp\/v2\/pages\/52"}],"collection":[{"href":"https:\/\/chrysalude.fr\/index.php\/wp-json\/wp\/v2\/pages"}],"about":[{"href":"https:\/\/chrysalude.fr\/index.php\/wp-json\/wp\/v2\/types\/page"}],"author":[{"embeddable":true,"href":"https:\/\/chrysalude.fr\/index.php\/wp-json\/wp\/v2\/users\/1"}],"replies":[{"embeddable":true,"href":"https:\/\/chrysalude.fr\/index.php\/wp-json\/wp\/v2\/comments?post=52"}],"version-history":[{"count":13,"href":"https:\/\/chrysalude.fr\/index.php\/wp-json\/wp\/v2\/pages\/52\/revisions"}],"predecessor-version":[{"id":1710,"href":"https:\/\/chrysalude.fr\/index.php\/wp-json\/wp\/v2\/pages\/52\/revisions\/1710"}],"wp:attachment":[{"href":"https:\/\/chrysalude.fr\/index.php\/wp-json\/wp\/v2\/media?parent=52"}],"curies":[{"name":"wp","href":"https:\/\/api.w.org\/{rel}","templated":true}]}}